= -7*p. List the prime factors of p.
2, 5
What are the prime factors of (-2)/16*44*-836?
2, 11, 19
Suppose 2*a + 1 = f - 1, -3*a = 5*f - 10. Suppose 0 = -4*n - 5*d + 54, -2*n + 16 = -f*d - 2. List the prime factors of n.
11
Let q(n) = -7*n - 3*n + n - 2 + 0. Let w be q(-3). List the prime factors of (-64)/(-10) - 10/w.
2, 3
Let f = 1165 + -487. List the prime factors of f.
2, 3, 113
Let k(m) = 5*m - 1 + m - m**2 - 4*m**2 + 4*m**2. List the prime factors of k(3).
2
Let f(d) = d**3 - 5*d. Let a be f(-6). Let n = -123 - a. List the prime factors of n.
3, 7
Suppose 2*k + 3*k = 3*k. Suppose 5*y - 166 - 199 = k. What are the prime factors of y?
73
Suppose 0 = 272*j - 280*j + 25048. What are the prime factors of j?
31, 101
Suppose -60 = -5*k - 3*s, -25 = -3*k - 2*s + 10. Let o = k - 10. Suppose -u - 8 = -o*u. What are the prime factors of u?
2
Let u = -14 - -29. Let g = u + -11. Suppose 0 = -4*h - 3*q + 245, h - 57 = -q - g*q. List the prime factors of h.
2, 31
Let v(b) = -33*b**3 + b**2 - b - 1. Let y be v(-1). Let h = y - 48. What are the prime factors of (-2)/(-7) - 52/h?
2
Suppose 4*i + 12 = -0. What are the prime factors of (-90)/(-24)*(-40)/i?
2, 5
Suppose 26*t = 19*t + 553. What are the prime factors of t?
79
Let a = -13 - -17. Suppose 0 = 5*x - a*n - 6 - 3, -4*n = -16. Suppose h + 2 = m + 48, x*m + 183 = 4*h. List the prime factors of h.
47
Suppose -5*b - 7 = -w - 2, -4*b = -12. Suppose x = -3*x + w. Suppose 70 + 40 = x*m. What are the prime factors of m?
2, 11
Let s(z) = 3*z + 4. Let f be s(0). Suppose v = -f*r - 36 + 269, 4*v - 47 = -r. What are the prime factors of r?
59
Let m be -1 + (2 - 3)*-57. Let c = m - 12. List the prime factors of -1*4*(-451)/c.
41
Let b(k) = -2*k**3 + 6*k**2 + 4*k + 6. What are the prime factors of b(-9)?
2, 3, 11, 29
Let w be (-1)/((-3)/(-12)) + 1 - -11. Suppose 0 = -2*o + i + w, -4*o - 5*i = -2*i - 36. List the prime factors of o.
2, 3
Suppose -96*n = 71313 - 240945. What are the prime factors of n?
3, 19, 31
Let g = 793 - 484. List the prime factors of g.
3, 103
Let x(j) be the second derivative of -j**3/6 - 5*j**2/2 + 8*j. Let d be x(-7). Suppose d*o + 3*o = 145. What are the prime factors of o?
29
Let w be (-14)/4*(-32)/56. List the prime factors of ((-3)/w)/((-51)/170).
5
Let s = 88 + 90. Suppose -2*t = 3*t - 4*m - s, -2*t = -4*m - 76. Suppose -x + 5*x - 52 = -4*a, -5*x - t = -4*a. What are the prime factors of a?
11
Suppose 18*h - 7*h = 2629. List the prime factors of h.
239
Let f = 19 - -4. Let g = 23 - f. Suppose 4*l + 32 = 3*m, -4*m - 4*l = -52 - g. What are the prime factors of m?
2, 3
Let f(a) = -59*a - 1. Let l(b) = 0 + 1 + b - 8 - 3. Let g be l(9). List the prime factors of f(g).
2, 29
Let s(p) = 2*p**2 + 11. Let c be s(10). Suppose c = 4*j - 3*x, -18 = -5*j - 3*x + 239. What are the prime factors of j?
2, 13
Let s(b) = b - 13. Let y be s(-11). Let x = 72 + y. List the prime factors of x.
2, 3
Let w be 266/18 + (-4)/(-18). Suppose -3*i = -w + 6. Let q = i - -26. List the prime factors of q.
29
Let a = -1988 - -3872. List the prime factors of a.
2, 3, 157
Let m be 173/(-7) + (-8)/28. Let y be 2*-5*30/m. What are the prime factors of (-4)/((-16)/y) + 2?
5
Suppose -5*h = -4*t + 3397 + 3497, 0 = -2*t - 4*h + 3434. What are the prime factors of t?
1721
Let s = 1893 - 896. List the prime factors of s.
997
Let d(x) be the third derivative of x**6/60 - x**5/30 - x**4/12 + x**3/3 - 8*x**2. Let g be d(-2). Let t = 34 - g. List the prime factors of t.
2, 13
Let z = -26 - -42. Let q = z + -16. Let m(o) = -o**2 + 6. What are the prime factors of m(q)?
2, 3
Let h = 1416 + -720. Suppose 15*i - 11*i = h. What are the prime factors of i?
2, 3, 29
Suppose n = 4*n - 3*c - 27, 0 = 3*n + 5*c - 3. What are the prime factors of n?
2, 3
List the prime factors of (1970/4)/(485/3492).
2, 3, 197
Let b(w) = w**2 - 2*w + 1. Let j be b(2). Let s be j*4*(-4)/(-16). List the prime factors of s/(-2) + (-34)/(-4).
2
What are the prime factors of (-2 + (-10)/2)*-405?
3, 5, 7
Let c = -5 - 4. Suppose -5*s - 5*o + 81 = -34, s - 29 = 2*o. Let y = s + c. List the prime factors of y.
2
Let j(q) = -q - 1. Let c be j(-3). Suppose d = 3*p - 9, d - c*p + 6 = 3*d. Suppose 63 = 3*a - d*a + 3*u, 4*u + 77 = 3*a. List the prime factors of a.
23
Suppose -150*q + 144*q + 16722 = 0. List the prime factors of q.
3, 929
Let f(z) = 2*z**3 + 2*z**2 - z - 1. Let n be f(-2). Let y = n + 34. What are the prime factors of y?
3
Suppose 7*v = 2*v + 4*t - 42, 0 = 3*v - 3*t + 24. Let a(j) = j**2 + 8*j**2 - 1 + 9 - 12*j + j**3. List the prime factors of a(v).
2, 7
Let s = -37 - -44. Let t(q) = q**2 + 4*q - 3. Let l be t(-5). Suppose -l*f = -s*f + 60. List the prime factors of f.
2, 3
Suppose 5*g - 31 = 14. Suppose -p + 670 = g*p. What are the prime factors of p?
67
Let g(z) = z**3 + 13*z**2 + 5*z - 2. Suppose 10 = -5*t - 20. Let s be g(t). Suppose 13*u + s = 17*u. List the prime factors of u.
5, 11
Suppose -22*b + 17*b = 115. Let u = b + 55. List the prime factors of u.
2
Let m(n) = 6*n**2 - 2*n. Let i be m(1). Suppose 144 = i*c - 4*b, -4*c + 2*c + b = -67. List the prime factors of c.
31
Let w(k) = k**2 - k + 28. Let o be w(0). Suppose 18 = 37*c - 55*c. What are the prime factors of 0 + o + (-2)/c?
2, 3, 5
Suppose 2*x + 2*k = 170, -4*k - 2 - 10 = 0. What are the prime factors of x?
2, 11
Suppose -4*b + 354 = 82. Let h = b + -41. List the prime factors of h.
3
Suppose 2*m + 4*p = 50, -2*m + 25 = 3*p - 25. Suppose 0 = 5*r - 4*f - 100 - 92, 3*r = -4*f + 128. Let u = r - m. List the prime factors of u.
3, 5
List the prime factors of 126512/240 + 2/(-15).
17, 31
Let x be (-124)/(-10) + (-2)/5. Suppose x*g = 13*g. Suppose 0 = 5*c - 2*o - 360 + 63, g = c - 4*o - 63. List the prime factors of c.
59
Let g(z) = -z**3 + 9*z**2 + 41*z + 18. What are the prime factors of g(10)?
2, 41
Let q = -110 - -925. Suppose 5*o + 12 = 2*o. What are the prime factors of o/(-10) - q/(-25)?
3, 11
Let z(j) = -22*j**3 - j**2 + j + 1. Let t(f) = -f**3 + 12*f**2 + 28*f - 1. Let r be t(14). What are the prime factors of z(r)?
3, 7
Let b = -1098 + 2329. What are the prime factors of b?
1231
Suppose -o = 5*o + 864. What are the prime factors of (o/3)/((-24)/32)?
2
List the prime factors of (-4)/14 + 138470/427.
2, 3
Let z be ((-436)/(-14))/(((-20)/4)/(-35)). Suppose -38 = 4*g - z. What are the prime factors of g?
3, 5
Let a be (-775)/(-4) - (0 + (-2)/8). Let b = 291 - a. List the prime factors of b.
97
Let s(v) = -11*v - 99. List the prime factors of s(-11).
2, 11
Let n be (-40)/(-15) - (-4)/(-6). Let u(p) = 4 - 31*p + p**2 + 0*p**n + 28*p. List the prime factors of u(-3).
2, 11
Let i(d) = -d**2 - 12*d + 4. Let u(k) be the first derivative of k**4/4 + 4*k**3/3 + k**2 - 4. Let f be u(-4). List the prime factors of i(f).
2, 3
List the prime factors of 1/1 + (0 - -1196 - 6).
3, 397
Let p(h) = -h**3 + 13*h**2 + h - 14. Let y be p(13). Let g(d) = -83*d - 6. List the prime factors of g(y).
7, 11
Let k be (2 - -2)*(0 + 1). Let f be ((-78)/(-1))/(k - 3). Let v = -55 + f. List the prime factors of v.
23
Let d(g) = -g + 3. Let i be d(0). Suppose 173 = 3*t + t - j, 3*t - 126 = -i*j. Let r = t + -28. List the prime factors of r.
3, 5
Let h(d) = -4*d - 6. Let s be 0/(-12) + 24/(-2). List the prime factors of h(s).
2, 3, 7
What are the prime factors of -1 - 2 - (-546788)/172?
2, 397
Let w be -4*(-4)/(32/292). Let a = w + -95. Let i = 74 - a. What are the prime factors of i?
23
Suppose 296 + 88 = 4*l. Suppose h + 2*h - l = 0. List the prime factors of h.
2
Let p(j) = 2*j + 20 + 5*j + 2*j - 3*j. What are the prime factors of p(10)?
2, 5
Let p be (-15)/(-25) + (-14)/(-10). Suppose -5 + p = 3*y. What are the prime factors of (4*-12)/1*y?
2, 3
Suppose -4*c - 1804 = -0*g - 3*g, 3*c = -g + 597. What are the prime factors of g?
2, 3, 5
Let r = -7 + 19. What are the prime factors of (0 - -18)*(14 - r)?
2, 3
Let z(b) = b**2 - 3*b + 171. Let l = 155 - 155. List the prime factors of z(l).
3, 19
Let w(g) = -g**2 + 3*g - 2. Let o be w(7). Let t = -42 - o. Let c = t - -14. What are the prime factors of c?
2
Let x be -39 - -37 - (-1 - 26). Suppose -3*t - 13 + x = 0. What are the prime factors of t?
2
Let d(x) = 234*x - 4. What are the prime factors of d(2)?
2, 29
List the prime factors of 4 - ((-2465)/9 - (-3)/(-27)).
2, 1